{"id":1729,"date":"2019-06-24T10:14:47","date_gmt":"2019-06-24T07:14:47","guid":{"rendered":"https:\/\/craftman.fi\/?page_id=1729"},"modified":"2021-11-13T23:12:41","modified_gmt":"2021-11-13T21:12:41","slug":"kariera-u-nas","status":"publish","type":"page","link":"https:\/\/craftman.fi\/?page_id=1729&lang=pl","title":{"rendered":"Kariera"},"content":{"rendered":"\n<h1 class=\"wp-block-heading\">Kariera<\/h1>\n\n\n\n<p>Zawsze znajdziemy miejsce dla zmotywowanych i wykwalifikowanych pracownik\u00f3w. Uwa\u017camy, \u017ce znajomo\u015b\u0107 j\u0119zyka angielskiego jest wielk\u0105 zalet\u0105. Przyda si\u0119 te\u017c prawo jazdy. Je\u015bli uwa\u017casz, ze jeste\u015b profesjonalist\u0105, kt\u00f3rego szukamy, prze\u015blij nam swoje CV i aplikacje o prace! <\/p>\n\n\n\n<div class=\"wp-block-columns has-2-columns cta is-layout-flex wp-container-core-columns-is-layout-1 wp-block-columns-is-layout-flex\">\n<div class=\"wp-block-column is-layout-flow wp-block-column-is-layout-flow\">\n<div class=\"wp-block-image\"><figure class=\"alignright\"><img loading=\"lazy\" decoding=\"async\" width=\"60\" height=\"64\" src=\"http:\/\/craftman.fi\/wp-content\/uploads\/2019\/07\/sopimus.png\" alt=\"\" class=\"wp-image-1932\"\/><\/figure><\/div>\n<\/div>\n\n\n\n<div class=\"wp-block-column is-layout-flow wp-block-column-is-layout-flow\">\n<p class=\"has-text-align-left has-medium-font-size\"><strong> Chcesz by\u0107 jednym z nas? <\/strong><\/p>\n\n\n\n<p> <a href=\"mailto:recruiting@craftman.fi\">Z\u0142\u00f3\u017c aplikacj\u0119 teraz! <\/a><\/p>\n<\/div>\n<\/div>\n\n\n\n<div class=\"wp-block-columns has-2-columns is-layout-flex wp-container-core-columns-is-layout-2 wp-block-columns-is-layout-flex\">\n<div class=\"wp-block-column is-layout-flow wp-block-column-is-layout-flow\">\n<figure class=\"wp-block-image is-resized\"><img loading=\"lazy\" decoding=\"async\" src=\"http:\/\/craftman.fi\/wp-content\/uploads\/2019\/07\/Craftman-tyokalut-1024x781.jpg\" alt=\"\" class=\"wp-image-1919\" width=\"541\" height=\"413\" srcset=\"https:\/\/craftman.fi\/wp-content\/uploads\/2019\/07\/Craftman-tyokalut-1024x781.jpg 1024w, https:\/\/craftman.fi\/wp-content\/uploads\/2019\/07\/Craftman-tyokalut-300x229.jpg 300w, https:\/\/craftman.fi\/wp-content\/uploads\/2019\/07\/Craftman-tyokalut-768x586.jpg 768w, https:\/\/craftman.fi\/wp-content\/uploads\/2019\/07\/Craftman-tyokalut.jpg 1043w\" sizes=\"(max-width: 541px) 100vw, 541px\" \/><\/figure>\n\n\n\n<h1 class=\"wp-block-heading\">korzy\u015bci<\/h1>\n\n\n\n<p>Dla naszych pracownik\u00f3w jeste\u015bmy przede wszystkim rzetelnym pracodawc\u0105. Zapewniamy naszym pracownikom bezpieczne i niezawodne \u015brodowisko pracy oraz szanse na ci\u0105g\u0142e uczenie si\u0119 i samodoskonalenie. Dla nas wa\u017cne jest, aby nasi pracownicy dobrze sobie radzili zar\u00f3wno w pracy jak i w czasie wolnym. Zapewniamy naszym pracownikom najlepsz\u0105 odzie\u017c robocza oraz narz\u0119dzia i zawsze d\u0105\u017cymy do wysokiej jako\u015bci rozwi\u0105za\u0144 mieszkaniowych.<\/p>\n<\/div>\n\n\n\n<div class=\"wp-block-column is-layout-flow wp-block-column-is-layout-flow\">\n<figure class=\"wp-block-image\"><img loading=\"lazy\" decoding=\"async\" width=\"540\" height=\"412\" src=\"http:\/\/craftman.fi\/wp-content\/uploads\/2019\/07\/Craftman-kartta.jpg\" alt=\"\" class=\"wp-image-1920\" srcset=\"https:\/\/craftman.fi\/wp-content\/uploads\/2019\/07\/Craftman-kartta.jpg 540w, https:\/\/craftman.fi\/wp-content\/uploads\/2019\/07\/Craftman-kartta-300x229.jpg 300w\" sizes=\"(max-width: 540px) 100vw, 540px\" \/><\/figure>\n\n\n\n<h1 class=\"wp-block-heading\">gdzie?<\/h1>\n\n\n\n<p>Nasi pracownicy pracuj\u0105 na mi\u0119dzynarodowych projektach &#8211; tak\u017ce poza Europ\u0105. Jeste\u015bmy zawsze odpowiedzialni za organizacj\u0119 us\u0142ug zdrowotnych i medycznych naszych pracownik\u00f3w oraz za wszelkie prawa i obowi\u0105zki kraju dostawy. W przypadku braku wymaganego certyfikatu organizujemy niezb\u0119dne szkolenia dla naszych pracownik\u00f3w przed rozpocz\u0119ciem pracy.<\/p>\n<\/div>\n<\/div>\n","protected":false},"excerpt":{"rendered":"<p>Kariera Zawsze znajdziemy miejsce dla zmotywowanych i wykwalifikowanych pracownik\u00f3w. Uwa\u017camy, \u017ce znajomo\u015b\u0107 j\u0119zyka angielskiego jest wielk\u0105 zalet\u0105. Przyda si\u0119 te\u017c [&hellip;]<\/p>\n","protected":false},"author":3,"featured_media":458,"parent":0,"menu_order":0,"comment_status":"closed","ping_status":"closed","template":"urameilla-page.php","meta":{"_mi_skip_tracking":false,"_monsterinsights_sitenote_active":false,"_monsterinsights_sitenote_note":"","_monsterinsights_sitenote_category":0,"footnotes":""},"yoast_head":"<!-- This site is optimized with the Yoast SEO plugin v21.9.1 - https:\/\/yoast.com\/wordpress\/plugins\/seo\/ -->\n<title>Career | Craftman Oy<\/title>\n<meta name=\"description\" content=\"We always have room for motivated and skilled workers. If you\u2019re interested in working with us, send us your CV and open job application.\" \/>\n<meta name=\"robots\" content=\"index, follow, max-snippet:-1, max-image-preview:large, max-video-preview:-1\" \/>\n<link rel=\"canonical\" href=\"https:\/\/craftman.fi\/?page_id=1729&lang=pl\" \/>\n<meta property=\"og:locale\" content=\"fi_FI\" \/>\n<meta property=\"og:type\" content=\"article\" \/>\n<meta property=\"og:title\" content=\"Career | Craftman Oy\" \/>\n<meta property=\"og:description\" content=\"We always have room for motivated and skilled workers. If you\u2019re interested in working with us, send us your CV and open job application.\" \/>\n<meta property=\"og:url\" content=\"https:\/\/craftman.fi\/?page_id=1729&amp;lang=pl\" \/>\n<meta property=\"og:site_name\" content=\"Craftman Oy\" \/>\n<meta property=\"article:modified_time\" content=\"2021-11-13T21:12:41+00:00\" \/>\n<meta property=\"og:image\" content=\"https:\/\/craftman.fi\/wp-content\/uploads\/2018\/05\/Craftman_paakuvat_urameilla.jpg\" \/>\n\t<meta property=\"og:image:width\" content=\"1900\" \/>\n\t<meta property=\"og:image:height\" content=\"700\" \/>\n\t<meta property=\"og:image:type\" content=\"image\/jpeg\" \/>\n<meta name=\"twitter:card\" content=\"summary_large_image\" \/>\n<meta name=\"twitter:label1\" content=\"Arvioitu lukuaika\" \/>\n\t<meta name=\"twitter:data1\" content=\"2 minuuttia\" \/>\n<script type=\"application\/ld+json\" class=\"yoast-schema-graph\">{\"@context\":\"https:\/\/schema.org\",\"@graph\":[{\"@type\":\"WebPage\",\"@id\":\"https:\/\/craftman.fi\/?page_id=1729&lang=pl\",\"url\":\"https:\/\/craftman.fi\/?page_id=1729&lang=pl\",\"name\":\"Career | Craftman Oy\",\"isPartOf\":{\"@id\":\"https:\/\/craftman.fi\/#website\"},\"datePublished\":\"2019-06-24T07:14:47+00:00\",\"dateModified\":\"2021-11-13T21:12:41+00:00\",\"description\":\"We always have room for motivated and skilled workers. If you\u2019re interested in working with us, send us your CV and open job application.\",\"breadcrumb\":{\"@id\":\"https:\/\/craftman.fi\/?page_id=1729&lang=pl#breadcrumb\"},\"inLanguage\":\"fi\",\"potentialAction\":[{\"@type\":\"ReadAction\",\"target\":[\"https:\/\/craftman.fi\/?page_id=1729&lang=pl\"]}]},{\"@type\":\"BreadcrumbList\",\"@id\":\"https:\/\/craftman.fi\/?page_id=1729&lang=pl#breadcrumb\",\"itemListElement\":[{\"@type\":\"ListItem\",\"position\":1,\"name\":\"Home\",\"item\":\"https:\/\/craftman.fi\/\"},{\"@type\":\"ListItem\",\"position\":2,\"name\":\"Kariera\"}]},{\"@type\":\"WebSite\",\"@id\":\"https:\/\/craftman.fi\/#website\",\"url\":\"https:\/\/craftman.fi\/\",\"name\":\"Craftman Oy\",\"description\":\"\",\"potentialAction\":[{\"@type\":\"SearchAction\",\"target\":{\"@type\":\"EntryPoint\",\"urlTemplate\":\"https:\/\/craftman.fi\/?s={search_term_string}\"},\"query-input\":\"required name=search_term_string\"}],\"inLanguage\":\"fi\"}]}<\/script>\n<!-- \/ Yoast SEO plugin. -->","yoast_head_json":{"title":"Career | Craftman Oy","description":"We always have room for motivated and skilled workers. If you\u2019re interested in working with us, send us your CV and open job application.","robots":{"index":"index","follow":"follow","max-snippet":"max-snippet:-1","max-image-preview":"max-image-preview:large","max-video-preview":"max-video-preview:-1"},"canonical":"https:\/\/craftman.fi\/?page_id=1729&lang=pl","og_locale":"fi_FI","og_type":"article","og_title":"Career | Craftman Oy","og_description":"We always have room for motivated and skilled workers. If you\u2019re interested in working with us, send us your CV and open job application.","og_url":"https:\/\/craftman.fi\/?page_id=1729&lang=pl","og_site_name":"Craftman Oy","article_modified_time":"2021-11-13T21:12:41+00:00","og_image":[{"width":1900,"height":700,"url":"https:\/\/craftman.fi\/wp-content\/uploads\/2018\/05\/Craftman_paakuvat_urameilla.jpg","type":"image\/jpeg"}],"twitter_card":"summary_large_image","twitter_misc":{"Arvioitu lukuaika":"2 minuuttia"},"schema":{"@context":"https:\/\/schema.org","@graph":[{"@type":"WebPage","@id":"https:\/\/craftman.fi\/?page_id=1729&lang=pl","url":"https:\/\/craftman.fi\/?page_id=1729&lang=pl","name":"Career | Craftman Oy","isPartOf":{"@id":"https:\/\/craftman.fi\/#website"},"datePublished":"2019-06-24T07:14:47+00:00","dateModified":"2021-11-13T21:12:41+00:00","description":"We always have room for motivated and skilled workers. If you\u2019re interested in working with us, send us your CV and open job application.","breadcrumb":{"@id":"https:\/\/craftman.fi\/?page_id=1729&lang=pl#breadcrumb"},"inLanguage":"fi","potentialAction":[{"@type":"ReadAction","target":["https:\/\/craftman.fi\/?page_id=1729&lang=pl"]}]},{"@type":"BreadcrumbList","@id":"https:\/\/craftman.fi\/?page_id=1729&lang=pl#breadcrumb","itemListElement":[{"@type":"ListItem","position":1,"name":"Home","item":"https:\/\/craftman.fi\/"},{"@type":"ListItem","position":2,"name":"Kariera"}]},{"@type":"WebSite","@id":"https:\/\/craftman.fi\/#website","url":"https:\/\/craftman.fi\/","name":"Craftman Oy","description":"","potentialAction":[{"@type":"SearchAction","target":{"@type":"EntryPoint","urlTemplate":"https:\/\/craftman.fi\/?s={search_term_string}"},"query-input":"required name=search_term_string"}],"inLanguage":"fi"}]}},"_links":{"self":[{"href":"https:\/\/craftman.fi\/index.php?rest_route=\/wp\/v2\/pages\/1729"}],"collection":[{"href":"https:\/\/craftman.fi\/index.php?rest_route=\/wp\/v2\/pages"}],"about":[{"href":"https:\/\/craftman.fi\/index.php?rest_route=\/wp\/v2\/types\/page"}],"author":[{"embeddable":true,"href":"https:\/\/craftman.fi\/index.php?rest_route=\/wp\/v2\/users\/3"}],"replies":[{"embeddable":true,"href":"https:\/\/craftman.fi\/index.php?rest_route=%2Fwp%2Fv2%2Fcomments&post=1729"}],"version-history":[{"count":30,"href":"https:\/\/craftman.fi\/index.php?rest_route=\/wp\/v2\/pages\/1729\/revisions"}],"predecessor-version":[{"id":2751,"href":"https:\/\/craftman.fi\/index.php?rest_route=\/wp\/v2\/pages\/1729\/revisions\/2751"}],"wp:featuredmedia":[{"embeddable":true,"href":"https:\/\/craftman.fi\/index.php?rest_route=\/wp\/v2\/media\/458"}],"wp:attachment":[{"href":"https:\/\/craftman.fi\/index.php?rest_route=%2Fwp%2Fv2%2Fmedia&parent=1729"}],"curies":[{"name":"wp","href":"https:\/\/api.w.org\/{rel}","templated":true}]}}