{"id":2058,"date":"2019-08-23T14:10:18","date_gmt":"2019-08-23T11:10:18","guid":{"rendered":"https:\/\/craftman.fi\/?page_id=2058"},"modified":"2019-08-23T14:16:12","modified_gmt":"2019-08-23T11:16:12","slug":"partnerstwo-projektowe","status":"publish","type":"page","link":"https:\/\/craftman.fi\/?page_id=2058&lang=pl","title":{"rendered":"partnerstwo projektowe"},"content":{"rendered":"\n<h1 class=\"wp-block-heading\"><strong>Partnerstwo projektowe<\/strong><\/h1>\n\n\n\n<p>partnerstwo projektowe w naszej koncepcji serwisowej wspolpraca z naszym\nklientem rozpoczyna sie juz na etapie oferty i projektu. Jestesmy niezawodnym i\nelastycznym partnerem w alokacji zasobow ludzkich nawet w najbardziej\nwymagajacych projektach i szybko reagujemy na nagle zmiany w sile roboczej w\nmiejscu pracy. Nasi kielnci moga zaufac naszemnu doswiadczeniu, niedobory sily\nroboczej nigdy nie powinny stanowic przeszkody w zatwiwrdzaniu i realizacji\nnowych projektow. <\/p>\n","protected":false},"excerpt":{"rendered":"<p>Partnerstwo projektowe partnerstwo projektowe w naszej koncepcji serwisowej wspolpraca z naszym klientem rozpoczyna sie juz na etapie oferty i projektu. [&hellip;]<\/p>\n","protected":false},"author":1,"featured_media":457,"parent":0,"menu_order":1,"comment_status":"closed","ping_status":"closed","template":"workers-page.php","meta":{"_mi_skip_tracking":false,"_monsterinsights_sitenote_active":false,"_monsterinsights_sitenote_note":"","_monsterinsights_sitenote_category":0,"footnotes":""},"yoast_head":"<!-- This site is optimized with the Yoast SEO plugin v21.9.1 - https:\/\/yoast.com\/wordpress\/plugins\/seo\/ -->\n<title>Luotettava ja joustava projektikumppani vaativiinkin urakoihisi | Craftman<\/title>\n<meta name=\"description\" content=\"Hankimme tarvittavan m\u00e4\u00e4r\u00e4n ty\u00f6ntekij\u00f6it\u00e4 projektisi tarpeisiin lyhyell\u00e4kin varoitusajalla. Ty\u00f6ntekij\u00e4t ovat sovittuun aikaan oikeassa paikassa valmiina t\u00f6ihin.\" \/>\n<meta name=\"robots\" content=\"index, follow, max-snippet:-1, max-image-preview:large, max-video-preview:-1\" \/>\n<link rel=\"canonical\" href=\"https:\/\/craftman.fi\/?page_id=2058&lang=pl\" \/>\n<meta property=\"og:locale\" content=\"fi_FI\" \/>\n<meta property=\"og:type\" content=\"article\" \/>\n<meta property=\"og:title\" content=\"Luotettava ja joustava projektikumppani vaativiinkin urakoihisi | Craftman\" \/>\n<meta property=\"og:description\" content=\"Hankimme tarvittavan m\u00e4\u00e4r\u00e4n ty\u00f6ntekij\u00f6it\u00e4 projektisi tarpeisiin lyhyell\u00e4kin varoitusajalla. Ty\u00f6ntekij\u00e4t ovat sovittuun aikaan oikeassa paikassa valmiina t\u00f6ihin.\" \/>\n<meta property=\"og:url\" content=\"https:\/\/craftman.fi\/?page_id=2058&amp;lang=pl\" \/>\n<meta property=\"og:site_name\" content=\"Craftman Oy\" \/>\n<meta property=\"article:modified_time\" content=\"2019-08-23T11:16:12+00:00\" \/>\n<meta property=\"og:image\" content=\"https:\/\/craftman.fi\/wp-content\/uploads\/2018\/05\/Craftman_paakuvat_tyontekijoita.jpg\" \/>\n\t<meta property=\"og:image:width\" content=\"1900\" \/>\n\t<meta property=\"og:image:height\" content=\"700\" \/>\n\t<meta property=\"og:image:type\" content=\"image\/jpeg\" \/>\n<meta name=\"twitter:card\" content=\"summary_large_image\" \/>\n<script type=\"application\/ld+json\" class=\"yoast-schema-graph\">{\"@context\":\"https:\/\/schema.org\",\"@graph\":[{\"@type\":\"WebPage\",\"@id\":\"https:\/\/craftman.fi\/?page_id=2058&lang=pl\",\"url\":\"https:\/\/craftman.fi\/?page_id=2058&lang=pl\",\"name\":\"Luotettava ja joustava projektikumppani vaativiinkin urakoihisi | Craftman\",\"isPartOf\":{\"@id\":\"https:\/\/craftman.fi\/#website\"},\"datePublished\":\"2019-08-23T11:10:18+00:00\",\"dateModified\":\"2019-08-23T11:16:12+00:00\",\"description\":\"Hankimme tarvittavan m\u00e4\u00e4r\u00e4n ty\u00f6ntekij\u00f6it\u00e4 projektisi tarpeisiin lyhyell\u00e4kin varoitusajalla. Ty\u00f6ntekij\u00e4t ovat sovittuun aikaan oikeassa paikassa valmiina t\u00f6ihin.\",\"breadcrumb\":{\"@id\":\"https:\/\/craftman.fi\/?page_id=2058&lang=pl#breadcrumb\"},\"inLanguage\":\"fi\",\"potentialAction\":[{\"@type\":\"ReadAction\",\"target\":[\"https:\/\/craftman.fi\/?page_id=2058&lang=pl\"]}]},{\"@type\":\"BreadcrumbList\",\"@id\":\"https:\/\/craftman.fi\/?page_id=2058&lang=pl#breadcrumb\",\"itemListElement\":[{\"@type\":\"ListItem\",\"position\":1,\"name\":\"Home\",\"item\":\"https:\/\/craftman.fi\/\"},{\"@type\":\"ListItem\",\"position\":2,\"name\":\"partnerstwo projektowe\"}]},{\"@type\":\"WebSite\",\"@id\":\"https:\/\/craftman.fi\/#website\",\"url\":\"https:\/\/craftman.fi\/\",\"name\":\"Craftman Oy\",\"description\":\"\",\"potentialAction\":[{\"@type\":\"SearchAction\",\"target\":{\"@type\":\"EntryPoint\",\"urlTemplate\":\"https:\/\/craftman.fi\/?s={search_term_string}\"},\"query-input\":\"required name=search_term_string\"}],\"inLanguage\":\"fi\"}]}<\/script>\n<!-- \/ Yoast SEO plugin. -->","yoast_head_json":{"title":"Luotettava ja joustava projektikumppani vaativiinkin urakoihisi | Craftman","description":"Hankimme tarvittavan m\u00e4\u00e4r\u00e4n ty\u00f6ntekij\u00f6it\u00e4 projektisi tarpeisiin lyhyell\u00e4kin varoitusajalla. Ty\u00f6ntekij\u00e4t ovat sovittuun aikaan oikeassa paikassa valmiina t\u00f6ihin.","robots":{"index":"index","follow":"follow","max-snippet":"max-snippet:-1","max-image-preview":"max-image-preview:large","max-video-preview":"max-video-preview:-1"},"canonical":"https:\/\/craftman.fi\/?page_id=2058&lang=pl","og_locale":"fi_FI","og_type":"article","og_title":"Luotettava ja joustava projektikumppani vaativiinkin urakoihisi | Craftman","og_description":"Hankimme tarvittavan m\u00e4\u00e4r\u00e4n ty\u00f6ntekij\u00f6it\u00e4 projektisi tarpeisiin lyhyell\u00e4kin varoitusajalla. Ty\u00f6ntekij\u00e4t ovat sovittuun aikaan oikeassa paikassa valmiina t\u00f6ihin.","og_url":"https:\/\/craftman.fi\/?page_id=2058&lang=pl","og_site_name":"Craftman Oy","article_modified_time":"2019-08-23T11:16:12+00:00","og_image":[{"width":1900,"height":700,"url":"https:\/\/craftman.fi\/wp-content\/uploads\/2018\/05\/Craftman_paakuvat_tyontekijoita.jpg","type":"image\/jpeg"}],"twitter_card":"summary_large_image","schema":{"@context":"https:\/\/schema.org","@graph":[{"@type":"WebPage","@id":"https:\/\/craftman.fi\/?page_id=2058&lang=pl","url":"https:\/\/craftman.fi\/?page_id=2058&lang=pl","name":"Luotettava ja joustava projektikumppani vaativiinkin urakoihisi | Craftman","isPartOf":{"@id":"https:\/\/craftman.fi\/#website"},"datePublished":"2019-08-23T11:10:18+00:00","dateModified":"2019-08-23T11:16:12+00:00","description":"Hankimme tarvittavan m\u00e4\u00e4r\u00e4n ty\u00f6ntekij\u00f6it\u00e4 projektisi tarpeisiin lyhyell\u00e4kin varoitusajalla. Ty\u00f6ntekij\u00e4t ovat sovittuun aikaan oikeassa paikassa valmiina t\u00f6ihin.","breadcrumb":{"@id":"https:\/\/craftman.fi\/?page_id=2058&lang=pl#breadcrumb"},"inLanguage":"fi","potentialAction":[{"@type":"ReadAction","target":["https:\/\/craftman.fi\/?page_id=2058&lang=pl"]}]},{"@type":"BreadcrumbList","@id":"https:\/\/craftman.fi\/?page_id=2058&lang=pl#breadcrumb","itemListElement":[{"@type":"ListItem","position":1,"name":"Home","item":"https:\/\/craftman.fi\/"},{"@type":"ListItem","position":2,"name":"partnerstwo projektowe"}]},{"@type":"WebSite","@id":"https:\/\/craftman.fi\/#website","url":"https:\/\/craftman.fi\/","name":"Craftman Oy","description":"","potentialAction":[{"@type":"SearchAction","target":{"@type":"EntryPoint","urlTemplate":"https:\/\/craftman.fi\/?s={search_term_string}"},"query-input":"required name=search_term_string"}],"inLanguage":"fi"}]}},"_links":{"self":[{"href":"https:\/\/craftman.fi\/index.php?rest_route=\/wp\/v2\/pages\/2058"}],"collection":[{"href":"https:\/\/craftman.fi\/index.php?rest_route=\/wp\/v2\/pages"}],"about":[{"href":"https:\/\/craftman.fi\/index.php?rest_route=\/wp\/v2\/types\/page"}],"author":[{"embeddable":true,"href":"https:\/\/craftman.fi\/index.php?rest_route=\/wp\/v2\/users\/1"}],"replies":[{"embeddable":true,"href":"https:\/\/craftman.fi\/index.php?rest_route=%2Fwp%2Fv2%2Fcomments&post=2058"}],"version-history":[{"count":3,"href":"https:\/\/craftman.fi\/index.php?rest_route=\/wp\/v2\/pages\/2058\/revisions"}],"predecessor-version":[{"id":2066,"href":"https:\/\/craftman.fi\/index.php?rest_route=\/wp\/v2\/pages\/2058\/revisions\/2066"}],"wp:featuredmedia":[{"embeddable":true,"href":"https:\/\/craftman.fi\/index.php?rest_route=\/wp\/v2\/media\/457"}],"wp:attachment":[{"href":"https:\/\/craftman.fi\/index.php?rest_route=%2Fwp%2Fv2%2Fmedia&parent=2058"}],"curies":[{"name":"wp","href":"https:\/\/api.w.org\/{rel}","templated":true}]}}