{"id":241,"date":"2018-05-09T12:49:00","date_gmt":"2018-05-09T09:49:00","guid":{"rendered":"https:\/\/craftman.fi\/?page_id=241"},"modified":"2021-11-13T23:15:17","modified_gmt":"2021-11-13T21:15:17","slug":"ura-meilla","status":"publish","type":"page","link":"https:\/\/craftman.fi\/?page_id=241","title":{"rendered":"Ura Meill\u00e4"},"content":{"rendered":"\n<h1 class=\"wp-block-heading\">Ura meill\u00e4<\/h1>\n\n\n\n<p>Ty\u00f6llist\u00e4mme vuosittain satoja ty\u00f6ntekij\u00f6it\u00e4 teollisuuteen ja rakennusalalle. Tyypillisimpi\u00e4 ty\u00f6kohteitamme ovat teollisuuden rakennushankkeet ja kunnossapitoty\u00f6t. Toimimme kansainv\u00e4liss\u00e4 projekteissa Euroopassa ja Etel\u00e4-Amerikassa. Uskomme ty\u00f6t\u00e4 pelk\u00e4\u00e4m\u00e4tt\u00f6m\u00e4\u00e4n asenteeseen ja vahvaan toimialaosaamiseen. Meill\u00e4 on aina tilaa ty\u00f6ntekemiseen motivoituneille ja ammattitaitoisille ty\u00f6ntekij\u00f6ille. Katsomme englanninkielen taidon suureksi eduksi meille t\u00f6ihin hakeville. Jos koet olevasi etsim\u00e4mme <a rel=\"noreferrer noopener\" href=\"https:\/\/craftman.fi\/ammattilaiset\/teollisuuseristajat\/\" target=\"_blank\">teollisuuserist\u00e4j\u00e4<\/a>, <a rel=\"noreferrer noopener\" href=\"https:\/\/craftman.fi\/ammattilaiset\/peltisepat\/\" target=\"_blank\">peltisepp\u00e4<\/a>, <a rel=\"noreferrer noopener\" href=\"https:\/\/craftman.fi\/ammattilaiset\/telineasentajat\/\" target=\"_blank\">telineasentaja<\/a>, <a rel=\"noreferrer noopener\" href=\"https:\/\/craftman.fi\/ammattilaiset\/hitsaajat\/\" target=\"_blank\">hitsaaja<\/a> tai muu teollisuuden ja rakennusalan ammattilainen, l\u00e4het\u00e4 meille CV sek\u00e4 avoin ty\u00f6hakemus! &nbsp; &nbsp;<\/p>\n\n\n\n<div class=\"wp-block-columns has-2-columns cta is-layout-flex wp-container-core-columns-is-layout-1 wp-block-columns-is-layout-flex\">\n<div class=\"wp-block-column is-layout-flow wp-block-column-is-layout-flow\">\n<div class=\"wp-block-image\"><figure class=\"alignright\"><img loading=\"lazy\" decoding=\"async\" width=\"60\" height=\"64\" src=\"http:\/\/craftman.fi\/wp-content\/uploads\/2018\/05\/sopimus.png\" alt=\"Craftman kartoittaa ty\u00f6ntekij\u00e4tarpeen\" class=\"wp-image-80\"\/><\/figure><\/div>\n<\/div>\n\n\n\n<div class=\"wp-block-column is-layout-flow wp-block-column-is-layout-flow\">\n<p class=\"has-text-align-left has-medium-font-size\"><strong>Haluatko meille t\u00f6ihin?<\/strong><\/p>\n\n\n\n<p><a href=\"https:\/\/craftman.fi\/yhteystiedot\/\">L\u00e4het\u00e4 meille hakemus!<\/a><\/p>\n<\/div>\n<\/div>\n\n\n\n<div class=\"wp-block-columns has-2-columns is-layout-flex wp-container-core-columns-is-layout-2 wp-block-columns-is-layout-flex\">\n<div class=\"wp-block-column is-layout-flow wp-block-column-is-layout-flow\">\n<figure class=\"wp-block-image is-resized\"><img loading=\"lazy\" decoding=\"async\" src=\"http:\/\/craftman.fi\/wp-content\/uploads\/2019\/05\/Craftman-tyokalut.jpg\" alt=\"\" class=\"wp-image-1579\" width=\"536\" height=\"414\"\/><\/figure>\n\n\n\n<h3 class=\"wp-block-heading\">Edut<\/h3>\n\n\n\n<p>Ty\u00f6ntekij\u00f6illemme olemme ennen kaikkea luotettava ty\u00f6nantaja. Tarjoamme ty\u00f6ntekij\u00f6illemme turvallisen ja luotettavan ty\u00f6skentely-ymp\u00e4rist\u00f6n sek\u00e4 mahdollisuuden jatkuvaan oppimiseen ja itsens\u00e4 kehitt\u00e4miseen. Meille on t\u00e4rke\u00e4\u00e4, ett\u00e4 ty\u00f6ntekij\u00e4mme voivat hyvin sek\u00e4 t\u00f6iss\u00e4 ett\u00e4 vapaa-ajalla. Varustamme ty\u00f6ntekij\u00e4mme parhailla ty\u00f6vaatteilla ja ty\u00f6kaluilla sek\u00e4 pyrimme aina laadukkaisiin majoitusratkaisuihin.<\/p>\n<\/div>\n\n\n\n<div class=\"wp-block-column is-layout-flow wp-block-column-is-layout-flow\">\n<figure class=\"wp-block-image\"><img loading=\"lazy\" decoding=\"async\" width=\"540\" height=\"412\" src=\"http:\/\/craftman.fi\/wp-content\/uploads\/2019\/05\/Craftman-kartta-1.jpg\" alt=\"\" class=\"wp-image-1642\" srcset=\"https:\/\/craftman.fi\/wp-content\/uploads\/2019\/05\/Craftman-kartta-1.jpg 540w, https:\/\/craftman.fi\/wp-content\/uploads\/2019\/05\/Craftman-kartta-1-300x229.jpg 300w\" sizes=\"(max-width: 540px) 100vw, 540px\" \/><\/figure>\n\n\n\n<h3 class=\"wp-block-heading\">Miss\u00e4?<\/h3>\n\n\n\n<p>Ty\u00f6ntekij\u00e4mme ty\u00f6skentelev\u00e4t kansainv\u00e4liss\u00e4 projekteissa &#8211; jopa Euroopan ulkopuolella. Vastaamme aina ty\u00f6ntekij\u00f6ittemme ty\u00f6terveys- ja sairaanhoitopalveluiden j\u00e4rjest\u00e4misest\u00e4 sek\u00e4 kaikista kohdemaan edellytt\u00e4mist\u00e4 laeista ja toimittajan velvoitteista. Ty\u00f6n vaatiman sertifikaatin puuttuessa j\u00e4rjest\u00e4mme ty\u00f6ntekij\u00e4llemme tarvittavan koulutuksen ennen t\u00f6iden aloittamista.<\/p>\n<\/div>\n<\/div>\n","protected":false},"excerpt":{"rendered":"<p>Ura meill\u00e4 Ty\u00f6llist\u00e4mme vuosittain satoja ty\u00f6ntekij\u00f6it\u00e4 teollisuuteen ja rakennusalalle. Tyypillisimpi\u00e4 ty\u00f6kohteitamme ovat teollisuuden rakennushankkeet ja kunnossapitoty\u00f6t. Toimimme kansainv\u00e4liss\u00e4 projekteissa Euroopassa [&hellip;]<\/p>\n","protected":false},"author":1,"featured_media":458,"parent":0,"menu_order":0,"comment_status":"closed","ping_status":"closed","template":"urameilla-page.php","meta":{"_mi_skip_tracking":false,"_monsterinsights_sitenote_active":false,"_monsterinsights_sitenote_note":"","_monsterinsights_sitenote_category":0,"footnotes":""},"yoast_head":"<!-- This site is optimized with the Yoast SEO plugin v21.9.1 - https:\/\/yoast.com\/wordpress\/plugins\/seo\/ -->\n<title>Ura Meill\u00e4 - Craftman Oy<\/title>\n<meta name=\"description\" content=\"Meill\u00e4 on aina tilaa ty\u00f6ntekemiseen motivoituneille ja ammattitaitoisille ty\u00f6ntekij\u00f6ille. Jos koet olevasi etsim\u00e4mme ammattilainen l\u00e4het\u00e4 meille CV sek\u00e4 avoin ty\u00f6hakemus!\" \/>\n<meta name=\"robots\" content=\"index, follow, max-snippet:-1, max-image-preview:large, max-video-preview:-1\" \/>\n<link rel=\"canonical\" href=\"https:\/\/craftman.fi\/?page_id=241\" \/>\n<meta property=\"og:locale\" content=\"fi_FI\" \/>\n<meta property=\"og:type\" content=\"article\" \/>\n<meta property=\"og:title\" content=\"Ura Meill\u00e4 - Craftman Oy\" \/>\n<meta property=\"og:description\" content=\"Meill\u00e4 on aina tilaa ty\u00f6ntekemiseen motivoituneille ja ammattitaitoisille ty\u00f6ntekij\u00f6ille. Jos koet olevasi etsim\u00e4mme ammattilainen l\u00e4het\u00e4 meille CV sek\u00e4 avoin ty\u00f6hakemus!\" \/>\n<meta property=\"og:url\" content=\"https:\/\/craftman.fi\/?page_id=241\" \/>\n<meta property=\"og:site_name\" content=\"Craftman Oy\" \/>\n<meta property=\"article:modified_time\" content=\"2021-11-13T21:15:17+00:00\" \/>\n<meta property=\"og:image\" content=\"https:\/\/craftman.fi\/wp-content\/uploads\/2018\/05\/Craftman_paakuvat_urameilla.jpg\" \/>\n\t<meta property=\"og:image:width\" content=\"1900\" \/>\n\t<meta property=\"og:image:height\" content=\"700\" \/>\n\t<meta property=\"og:image:type\" content=\"image\/jpeg\" \/>\n<meta name=\"twitter:card\" content=\"summary_large_image\" \/>\n<meta name=\"twitter:label1\" content=\"Arvioitu lukuaika\" \/>\n\t<meta name=\"twitter:data1\" content=\"2 minuuttia\" \/>\n<script type=\"application\/ld+json\" class=\"yoast-schema-graph\">{\"@context\":\"https:\/\/schema.org\",\"@graph\":[{\"@type\":\"WebPage\",\"@id\":\"https:\/\/craftman.fi\/?page_id=241\",\"url\":\"https:\/\/craftman.fi\/?page_id=241\",\"name\":\"Ura Meill\u00e4 - Craftman Oy\",\"isPartOf\":{\"@id\":\"https:\/\/craftman.fi\/#website\"},\"datePublished\":\"2018-05-09T09:49:00+00:00\",\"dateModified\":\"2021-11-13T21:15:17+00:00\",\"description\":\"Meill\u00e4 on aina tilaa ty\u00f6ntekemiseen motivoituneille ja ammattitaitoisille ty\u00f6ntekij\u00f6ille. Jos koet olevasi etsim\u00e4mme ammattilainen l\u00e4het\u00e4 meille CV sek\u00e4 avoin ty\u00f6hakemus!\",\"breadcrumb\":{\"@id\":\"https:\/\/craftman.fi\/?page_id=241#breadcrumb\"},\"inLanguage\":\"fi\",\"potentialAction\":[{\"@type\":\"ReadAction\",\"target\":[\"https:\/\/craftman.fi\/?page_id=241\"]}]},{\"@type\":\"BreadcrumbList\",\"@id\":\"https:\/\/craftman.fi\/?page_id=241#breadcrumb\",\"itemListElement\":[{\"@type\":\"ListItem\",\"position\":1,\"name\":\"Home\",\"item\":\"https:\/\/craftman.fi\/\"},{\"@type\":\"ListItem\",\"position\":2,\"name\":\"Ura Meill\u00e4\"}]},{\"@type\":\"WebSite\",\"@id\":\"https:\/\/craftman.fi\/#website\",\"url\":\"https:\/\/craftman.fi\/\",\"name\":\"Craftman Oy\",\"description\":\"\",\"potentialAction\":[{\"@type\":\"SearchAction\",\"target\":{\"@type\":\"EntryPoint\",\"urlTemplate\":\"https:\/\/craftman.fi\/?s={search_term_string}\"},\"query-input\":\"required name=search_term_string\"}],\"inLanguage\":\"fi\"}]}<\/script>\n<!-- \/ Yoast SEO plugin. -->","yoast_head_json":{"title":"Ura Meill\u00e4 - Craftman Oy","description":"Meill\u00e4 on aina tilaa ty\u00f6ntekemiseen motivoituneille ja ammattitaitoisille ty\u00f6ntekij\u00f6ille. Jos koet olevasi etsim\u00e4mme ammattilainen l\u00e4het\u00e4 meille CV sek\u00e4 avoin ty\u00f6hakemus!","robots":{"index":"index","follow":"follow","max-snippet":"max-snippet:-1","max-image-preview":"max-image-preview:large","max-video-preview":"max-video-preview:-1"},"canonical":"https:\/\/craftman.fi\/?page_id=241","og_locale":"fi_FI","og_type":"article","og_title":"Ura Meill\u00e4 - Craftman Oy","og_description":"Meill\u00e4 on aina tilaa ty\u00f6ntekemiseen motivoituneille ja ammattitaitoisille ty\u00f6ntekij\u00f6ille. Jos koet olevasi etsim\u00e4mme ammattilainen l\u00e4het\u00e4 meille CV sek\u00e4 avoin ty\u00f6hakemus!","og_url":"https:\/\/craftman.fi\/?page_id=241","og_site_name":"Craftman Oy","article_modified_time":"2021-11-13T21:15:17+00:00","og_image":[{"width":1900,"height":700,"url":"https:\/\/craftman.fi\/wp-content\/uploads\/2018\/05\/Craftman_paakuvat_urameilla.jpg","type":"image\/jpeg"}],"twitter_card":"summary_large_image","twitter_misc":{"Arvioitu lukuaika":"2 minuuttia"},"schema":{"@context":"https:\/\/schema.org","@graph":[{"@type":"WebPage","@id":"https:\/\/craftman.fi\/?page_id=241","url":"https:\/\/craftman.fi\/?page_id=241","name":"Ura Meill\u00e4 - Craftman Oy","isPartOf":{"@id":"https:\/\/craftman.fi\/#website"},"datePublished":"2018-05-09T09:49:00+00:00","dateModified":"2021-11-13T21:15:17+00:00","description":"Meill\u00e4 on aina tilaa ty\u00f6ntekemiseen motivoituneille ja ammattitaitoisille ty\u00f6ntekij\u00f6ille. Jos koet olevasi etsim\u00e4mme ammattilainen l\u00e4het\u00e4 meille CV sek\u00e4 avoin ty\u00f6hakemus!","breadcrumb":{"@id":"https:\/\/craftman.fi\/?page_id=241#breadcrumb"},"inLanguage":"fi","potentialAction":[{"@type":"ReadAction","target":["https:\/\/craftman.fi\/?page_id=241"]}]},{"@type":"BreadcrumbList","@id":"https:\/\/craftman.fi\/?page_id=241#breadcrumb","itemListElement":[{"@type":"ListItem","position":1,"name":"Home","item":"https:\/\/craftman.fi\/"},{"@type":"ListItem","position":2,"name":"Ura Meill\u00e4"}]},{"@type":"WebSite","@id":"https:\/\/craftman.fi\/#website","url":"https:\/\/craftman.fi\/","name":"Craftman Oy","description":"","potentialAction":[{"@type":"SearchAction","target":{"@type":"EntryPoint","urlTemplate":"https:\/\/craftman.fi\/?s={search_term_string}"},"query-input":"required name=search_term_string"}],"inLanguage":"fi"}]}},"_links":{"self":[{"href":"https:\/\/craftman.fi\/index.php?rest_route=\/wp\/v2\/pages\/241"}],"collection":[{"href":"https:\/\/craftman.fi\/index.php?rest_route=\/wp\/v2\/pages"}],"about":[{"href":"https:\/\/craftman.fi\/index.php?rest_route=\/wp\/v2\/types\/page"}],"author":[{"embeddable":true,"href":"https:\/\/craftman.fi\/index.php?rest_route=\/wp\/v2\/users\/1"}],"replies":[{"embeddable":true,"href":"https:\/\/craftman.fi\/index.php?rest_route=%2Fwp%2Fv2%2Fcomments&post=241"}],"version-history":[{"count":30,"href":"https:\/\/craftman.fi\/index.php?rest_route=\/wp\/v2\/pages\/241\/revisions"}],"predecessor-version":[{"id":2756,"href":"https:\/\/craftman.fi\/index.php?rest_route=\/wp\/v2\/pages\/241\/revisions\/2756"}],"wp:featuredmedia":[{"embeddable":true,"href":"https:\/\/craftman.fi\/index.php?rest_route=\/wp\/v2\/media\/458"}],"wp:attachment":[{"href":"https:\/\/craftman.fi\/index.php?rest_route=%2Fwp%2Fv2%2Fmedia&parent=241"}],"curies":[{"name":"wp","href":"https:\/\/api.w.org\/{rel}","templated":true}]}}