{"id":366,"date":"2018-05-18T16:29:32","date_gmt":"2018-05-18T13:29:32","guid":{"rendered":"https:\/\/craftman.fi\/?page_id=366"},"modified":"2019-05-23T09:38:45","modified_gmt":"2019-05-23T06:38:45","slug":"laite-ja-putkiasentajat","status":"publish","type":"page","link":"https:\/\/craftman.fi\/?page_id=366","title":{"rendered":"Laite ja putkiasentajat"},"content":{"rendered":"\n<h1 class=\"wp-block-heading\" style=\"text-align:center\">Laite- ja putkiasentajat<\/h1>\n\n\n\n<p>Meilt\u00e4 saat hitsaajalle ty\u00f6pariksi tai erillisiin asennust\u00f6ihin ammattitaitoiset laite- ja putkiasentajat. Asentajillamme on ty\u00f6kokemusta mm. teollisuusputkistojen, painekattiloiden sek\u00e4 kaasu-, kemikaali- ja vesiputkistojen asennuksista. <br><br>Voit luottaa asentajiemme ty\u00f6nlaatuun \u2013 ty\u00f6t\u00e4 tehd\u00e4\u00e4n aina ymp\u00e4rist\u00f6 huomioiden ja ty\u00f6turvallisuudesta tinkim\u00e4tt\u00e4. Kaikilla ty\u00f6ntekij\u00f6ill\u00e4mme on aina kohdemaan lains\u00e4\u00e4d\u00e4nn\u00f6n ja ty\u00f6kohteen edellytt\u00e4m\u00e4t sertifikaatit, luvat ty\u00f6ntekoon sek\u00e4 <a href=\"https:\/\/craftman.fi\/ammattitaitotakuu\/\">ammattitaitotakuu<\/a>. Varustamme laite- ja putkiasentajamme aina laadukkailla ty\u00f6vaatteilla ja k\u00e4sity\u00f6kaluilla.<\/p>\n\n\n\n<div class=\"wp-block-columns has-2-columns cta is-layout-flex wp-container-core-columns-is-layout-1 wp-block-columns-is-layout-flex\">\n<div class=\"wp-block-column is-layout-flow wp-block-column-is-layout-flow\">\n<div class=\"wp-block-image\"><figure class=\"alignright\"><img loading=\"lazy\" decoding=\"async\" width=\"86\" height=\"86\" src=\"http:\/\/craftman.fi\/wp-content\/uploads\/2018\/05\/putkilaite.png\" alt=\"Teollisuuserist\u00e4j\u00e4t Craftmanilta helposti\" class=\"wp-image-67\"\/><\/figure><\/div>\n<\/div>\n\n\n\n<div class=\"wp-block-column is-layout-flow wp-block-column-is-layout-flow\">\n<p style=\"text-align:left\" class=\"has-medium-font-size\"><strong>Tarvitsetko laite- ja putkiasentajia?<\/strong><\/p>\n\n\n\n<p><a href=\"https:\/\/craftman.fi\/yhteystiedot\/\">Ota meihin yhteytt\u00e4!<\/a><\/p>\n<\/div>\n<\/div>\n\n\n\n<h2 class=\"wp-block-heading\">Laite- ja putkiasentajat ty\u00f6maille henkil\u00f6st\u00f6vuokrauksen kautta <\/h2>\n\n\n\n<p>Laite- ja putkiasentajia ty\u00f6llist\u00e4v\u00e4t vuosittain lukuisat teollisuuden hankkeet sek\u00e4 tehtaiden ja laitosten kunnossapitoty\u00f6t, kuten huoltoseisakit. Oli kyse sitten uuden tehtaan tai laitoksen rakentamisesta tai jo olemassa olevan kunnossapitot\u00f6ist\u00e4, ammattitaitoisilla asentajillamme ty\u00f6 toteutetaan nopeasti ja laadusta tinkim\u00e4tt\u00e4.<a href=\"https:\/\/craftman.fi\/tyontekijoita\/henkilostovuokraus\/\">Henkil\u00f6st\u00f6vuokrauspalvelumme<\/a> sis\u00e4lt\u00e4\u00e4 aina t\u00e4yden kokonaisuuden. J\u00e4rjest\u00e4mme asentajamme kohdemaahan, majoituksen, ajoneuvon sek\u00e4 ty\u00f6n edellytt\u00e4m\u00e4t sertifikaatit, ty\u00f6vaatteet ja k\u00e4sity\u00f6kalut. Asiakkaamme teht\u00e4v\u00e4ksi j\u00e4\u00e4 ainoastaan sopia kanssamme ty\u00f6n aloitusajankohta ja tarvittava ty\u00f6ntekij\u00e4m\u00e4\u00e4r\u00e4.<\/p>\n\n\n\n<h2 class=\"wp-block-heading\">AMMATTITAITOISIA LAITE- JA PUTKIASENTAJIA HELPOSTI JA NOPEASTI<\/h2>\n\n\n\n<p>Laite- ja putkiasentajillamme on aina ty\u00f6n ja kohdemaan lains\u00e4\u00e4d\u00e4nn\u00f6n edellytt\u00e4m\u00e4t <strong>sertifikaatit<\/strong> ty\u00f6skentelemiseen. Perehdyt\u00e4mme ty\u00f6ntekij\u00e4mme my\u00f6s asiakkaiden yksil\u00f6llisten vaatimustasojen mukaisesti ja j\u00e4rjest\u00e4mme tarvittaessa puuttuvan koulutuksen. Huolehdimme laite- ja putkiasentajiemme <strong>ty\u00f6turvallisuudesta<\/strong>. Ty\u00f6ntekij\u00e4mme k\u00e4ytt\u00e4v\u00e4t aina parhaita ty\u00f6v\u00e4lineit\u00e4 ja suojavarusteita. Asentajillamme on aina voimassa oleva ty\u00f6turvallisuus- ja tulity\u00f6kortti. Lis\u00e4ksi pyrimme kouluttamaan kaikille ty\u00f6ntekij\u00f6illemme h\u00e4t\u00e4ensiapukurssin \u00e4killisten vahinkotapauksien varalle. <br><br>Vahvuutemme ovat ty\u00f6ntekij\u00f6iden <strong>saatavuus<\/strong> ja toimitukset lyhyell\u00e4kin varoitusajalla. Ty\u00f6voiman hankintaan ja testaamiseen erikoistuneen puolalaisen tyt\u00e4ryhti\u00f6mme ansiosta l\u00f6yd\u00e4mme tarvittavan m\u00e4\u00e4r\u00e4n ammattitaitoisia laite- ja putkiasentajia suurimpiinkin teollisuuden hankkeisiin. Vakituisen &#8211; satoja ty\u00f6ntekij\u00f6it\u00e4 kattavan &#8211; henkil\u00f6st\u00f6reservimme ansioista pystymme toimittamaan ty\u00f6ntekij\u00f6it\u00e4 eritt\u00e4in nopealla aikataululla, jopa muutamassa p\u00e4iv\u00e4ss\u00e4.&nbsp;<\/p>\n","protected":false},"excerpt":{"rendered":"<p>Laite- ja putkiasentajat Meilt\u00e4 saat hitsaajalle ty\u00f6pariksi tai erillisiin asennust\u00f6ihin ammattitaitoiset laite- ja putkiasentajat. Asentajillamme on ty\u00f6kokemusta mm. teollisuusputkistojen, painekattiloiden [&hellip;]<\/p>\n","protected":false},"author":1,"featured_media":1450,"parent":158,"menu_order":0,"comment_status":"closed","ping_status":"closed","template":"ammattilaiset-page.php","meta":{"_mi_skip_tracking":false,"_monsterinsights_sitenote_active":false,"_monsterinsights_sitenote_note":"","_monsterinsights_sitenote_category":0,"footnotes":""},"yoast_head":"<!-- This site is optimized with the Yoast SEO plugin v21.9.1 - https:\/\/yoast.com\/wordpress\/plugins\/seo\/ -->\n<title>Laite- ja putkiasentajat tellisuuteen ja rakennuksille | Craftman Oy<\/title>\n<meta name=\"description\" content=\"Palkkaa laite- ja putkiasentajat ty\u00f6maille helposti. Ty\u00f6ntekij\u00f6ilt\u00e4mme l\u00f6ytyy alan edellytt\u00e4m\u00e4t sertifikaatit sek\u00e4 ty\u00f6varusteet. Tutustu ja ota yhteytt\u00e4!\" \/>\n<meta name=\"robots\" content=\"index, follow, max-snippet:-1, max-image-preview:large, max-video-preview:-1\" \/>\n<link rel=\"canonical\" href=\"https:\/\/craftman.fi\/?page_id=366\" \/>\n<meta property=\"og:locale\" content=\"fi_FI\" \/>\n<meta property=\"og:type\" content=\"article\" \/>\n<meta property=\"og:title\" content=\"Laite- ja putkiasentajat tellisuuteen ja rakennuksille | Craftman Oy\" \/>\n<meta property=\"og:description\" content=\"Palkkaa laite- ja putkiasentajat ty\u00f6maille helposti. Ty\u00f6ntekij\u00f6ilt\u00e4mme l\u00f6ytyy alan edellytt\u00e4m\u00e4t sertifikaatit sek\u00e4 ty\u00f6varusteet. Tutustu ja ota yhteytt\u00e4!\" \/>\n<meta property=\"og:url\" content=\"https:\/\/craftman.fi\/?page_id=366\" \/>\n<meta property=\"og:site_name\" content=\"Craftman Oy\" \/>\n<meta property=\"article:modified_time\" content=\"2019-05-23T06:38:45+00:00\" \/>\n<meta property=\"og:image\" content=\"https:\/\/craftman.fi\/wp-content\/uploads\/2019\/05\/laite-ja-putkiasentajat.jpg\" \/>\n\t<meta property=\"og:image:width\" content=\"1900\" \/>\n\t<meta property=\"og:image:height\" content=\"700\" \/>\n\t<meta property=\"og:image:type\" content=\"image\/jpeg\" \/>\n<meta name=\"twitter:card\" content=\"summary_large_image\" \/>\n<meta name=\"twitter:label1\" content=\"Arvioitu lukuaika\" \/>\n\t<meta name=\"twitter:data1\" content=\"2 minuuttia\" \/>\n<script type=\"application\/ld+json\" class=\"yoast-schema-graph\">{\"@context\":\"https:\/\/schema.org\",\"@graph\":[{\"@type\":\"WebPage\",\"@id\":\"https:\/\/craftman.fi\/?page_id=366\",\"url\":\"https:\/\/craftman.fi\/?page_id=366\",\"name\":\"Laite- ja putkiasentajat tellisuuteen ja rakennuksille | Craftman Oy\",\"isPartOf\":{\"@id\":\"https:\/\/craftman.fi\/#website\"},\"datePublished\":\"2018-05-18T13:29:32+00:00\",\"dateModified\":\"2019-05-23T06:38:45+00:00\",\"description\":\"Palkkaa laite- ja putkiasentajat ty\u00f6maille helposti. Ty\u00f6ntekij\u00f6ilt\u00e4mme l\u00f6ytyy alan edellytt\u00e4m\u00e4t sertifikaatit sek\u00e4 ty\u00f6varusteet. Tutustu ja ota yhteytt\u00e4!\",\"breadcrumb\":{\"@id\":\"https:\/\/craftman.fi\/?page_id=366#breadcrumb\"},\"inLanguage\":\"fi\",\"potentialAction\":[{\"@type\":\"ReadAction\",\"target\":[\"https:\/\/craftman.fi\/?page_id=366\"]}]},{\"@type\":\"BreadcrumbList\",\"@id\":\"https:\/\/craftman.fi\/?page_id=366#breadcrumb\",\"itemListElement\":[{\"@type\":\"ListItem\",\"position\":1,\"name\":\"Home\",\"item\":\"https:\/\/craftman.fi\/\"},{\"@type\":\"ListItem\",\"position\":2,\"name\":\"Ammattilaiset\",\"item\":\"https:\/\/craftman.fi\/?page_id=158\"},{\"@type\":\"ListItem\",\"position\":3,\"name\":\"Laite ja putkiasentajat\"}]},{\"@type\":\"WebSite\",\"@id\":\"https:\/\/craftman.fi\/#website\",\"url\":\"https:\/\/craftman.fi\/\",\"name\":\"Craftman Oy\",\"description\":\"\",\"potentialAction\":[{\"@type\":\"SearchAction\",\"target\":{\"@type\":\"EntryPoint\",\"urlTemplate\":\"https:\/\/craftman.fi\/?s={search_term_string}\"},\"query-input\":\"required name=search_term_string\"}],\"inLanguage\":\"fi\"}]}<\/script>\n<!-- \/ Yoast SEO plugin. -->","yoast_head_json":{"title":"Laite- ja putkiasentajat tellisuuteen ja rakennuksille | Craftman Oy","description":"Palkkaa laite- ja putkiasentajat ty\u00f6maille helposti. Ty\u00f6ntekij\u00f6ilt\u00e4mme l\u00f6ytyy alan edellytt\u00e4m\u00e4t sertifikaatit sek\u00e4 ty\u00f6varusteet. Tutustu ja ota yhteytt\u00e4!","robots":{"index":"index","follow":"follow","max-snippet":"max-snippet:-1","max-image-preview":"max-image-preview:large","max-video-preview":"max-video-preview:-1"},"canonical":"https:\/\/craftman.fi\/?page_id=366","og_locale":"fi_FI","og_type":"article","og_title":"Laite- ja putkiasentajat tellisuuteen ja rakennuksille | Craftman Oy","og_description":"Palkkaa laite- ja putkiasentajat ty\u00f6maille helposti. Ty\u00f6ntekij\u00f6ilt\u00e4mme l\u00f6ytyy alan edellytt\u00e4m\u00e4t sertifikaatit sek\u00e4 ty\u00f6varusteet. Tutustu ja ota yhteytt\u00e4!","og_url":"https:\/\/craftman.fi\/?page_id=366","og_site_name":"Craftman Oy","article_modified_time":"2019-05-23T06:38:45+00:00","og_image":[{"width":1900,"height":700,"url":"https:\/\/craftman.fi\/wp-content\/uploads\/2019\/05\/laite-ja-putkiasentajat.jpg","type":"image\/jpeg"}],"twitter_card":"summary_large_image","twitter_misc":{"Arvioitu lukuaika":"2 minuuttia"},"schema":{"@context":"https:\/\/schema.org","@graph":[{"@type":"WebPage","@id":"https:\/\/craftman.fi\/?page_id=366","url":"https:\/\/craftman.fi\/?page_id=366","name":"Laite- ja putkiasentajat tellisuuteen ja rakennuksille | Craftman Oy","isPartOf":{"@id":"https:\/\/craftman.fi\/#website"},"datePublished":"2018-05-18T13:29:32+00:00","dateModified":"2019-05-23T06:38:45+00:00","description":"Palkkaa laite- ja putkiasentajat ty\u00f6maille helposti. Ty\u00f6ntekij\u00f6ilt\u00e4mme l\u00f6ytyy alan edellytt\u00e4m\u00e4t sertifikaatit sek\u00e4 ty\u00f6varusteet. Tutustu ja ota yhteytt\u00e4!","breadcrumb":{"@id":"https:\/\/craftman.fi\/?page_id=366#breadcrumb"},"inLanguage":"fi","potentialAction":[{"@type":"ReadAction","target":["https:\/\/craftman.fi\/?page_id=366"]}]},{"@type":"BreadcrumbList","@id":"https:\/\/craftman.fi\/?page_id=366#breadcrumb","itemListElement":[{"@type":"ListItem","position":1,"name":"Home","item":"https:\/\/craftman.fi\/"},{"@type":"ListItem","position":2,"name":"Ammattilaiset","item":"https:\/\/craftman.fi\/?page_id=158"},{"@type":"ListItem","position":3,"name":"Laite ja putkiasentajat"}]},{"@type":"WebSite","@id":"https:\/\/craftman.fi\/#website","url":"https:\/\/craftman.fi\/","name":"Craftman Oy","description":"","potentialAction":[{"@type":"SearchAction","target":{"@type":"EntryPoint","urlTemplate":"https:\/\/craftman.fi\/?s={search_term_string}"},"query-input":"required name=search_term_string"}],"inLanguage":"fi"}]}},"_links":{"self":[{"href":"https:\/\/craftman.fi\/index.php?rest_route=\/wp\/v2\/pages\/366"}],"collection":[{"href":"https:\/\/craftman.fi\/index.php?rest_route=\/wp\/v2\/pages"}],"about":[{"href":"https:\/\/craftman.fi\/index.php?rest_route=\/wp\/v2\/types\/page"}],"author":[{"embeddable":true,"href":"https:\/\/craftman.fi\/index.php?rest_route=\/wp\/v2\/users\/1"}],"replies":[{"embeddable":true,"href":"https:\/\/craftman.fi\/index.php?rest_route=%2Fwp%2Fv2%2Fcomments&post=366"}],"version-history":[{"count":67,"href":"https:\/\/craftman.fi\/index.php?rest_route=\/wp\/v2\/pages\/366\/revisions"}],"predecessor-version":[{"id":1656,"href":"https:\/\/craftman.fi\/index.php?rest_route=\/wp\/v2\/pages\/366\/revisions\/1656"}],"up":[{"embeddable":true,"href":"https:\/\/craftman.fi\/index.php?rest_route=\/wp\/v2\/pages\/158"}],"wp:featuredmedia":[{"embeddable":true,"href":"https:\/\/craftman.fi\/index.php?rest_route=\/wp\/v2\/media\/1450"}],"wp:attachment":[{"href":"https:\/\/craftman.fi\/index.php?rest_route=%2Fwp%2Fv2%2Fmedia&parent=366"}],"curies":[{"name":"wp","href":"https:\/\/api.w.org\/{rel}","templated":true}]}}