{"id":661,"date":"2018-06-11T12:58:26","date_gmt":"2018-06-11T09:58:26","guid":{"rendered":"https:\/\/craftman.fi\/?page_id=661"},"modified":"2019-11-18T08:51:06","modified_gmt":"2019-11-18T06:51:06","slug":"tietosuojaseloste","status":"publish","type":"page","link":"https:\/\/craftman.fi\/?page_id=661","title":{"rendered":"Tietosuojaseloste"},"content":{"rendered":"<h1 style=\"text-align: center;\">Tietosuojaseloste<\/h1>\n<div id=\"lipsum\">\n<p>T\u00e4m\u00e4 on Craftman Oy:n EU:n yleisen tietosuoja-asetuksen (GDPR) mukainen rekisteri- ja tietosuojaseloste.<\/p>\n<p><strong>Rekisterinpit\u00e4j\u00e4<\/strong><\/p>\n<p>Craftman Oy (Y-tunnus 2421301-9), Louhimontie 10 A 5, 90630 Oulu, 0400156425, www.craftman.fi.<\/p>\n<p><strong>Rekisteriasioista vastaavat henkil\u00f6t<\/strong><\/p>\n<p>Toimitusjohtaja: Jari K\u00e4hk\u00f6nen, 0400156425, jari.kahkonen@craftman.fi<\/p>\n<p>Operatiivinen johtaja: Miika Heikkinen, 0400153726, miika.heikkinen@craftman.fi<\/p>\n<p><strong>Rekisterin nimi<\/strong><\/p>\n<p>Craftman Oy:n asiakas- ja ty\u00f6nhakijarekisteri<\/p>\n<p><strong>Rekisteriss\u00e4 k\u00e4sitelt\u00e4v\u00e4t henkil\u00f6t<\/strong><\/p>\n<p>Rekisteriss\u00e4 k\u00e4sitell\u00e4\u00e4n Craftman Oy:lle t\u00f6ihin hakevien henkil\u00f6iden ja asiakkaiden sek\u00e4 potentiaalisten asiakkaiden tietoja.<\/p>\n<p><strong>Henkil\u00f6tietojen k\u00e4ytt\u00f6tarkoitus<\/strong><\/p>\n<p>Craftman Oy:n tarjoamien palvelujen toteuttaminen, kehitt\u00e4minen ja markkinointi sek\u00e4 ty\u00f6ntekij\u00f6iden rekrytointitoiminnan hoitaminen.<\/p>\n<p><strong>Rekisterin tietosis\u00e4lt\u00f6<\/strong><\/p>\n<p>Rekisteriss\u00e4 k\u00e4sitelt\u00e4vist\u00e4 henkil\u00f6ist\u00e4 voidaan ker\u00e4t\u00e4 seuraavia tietoa:<\/p>\n<ul>\n<li>Henkil\u00f6n perustiedot kuten: nimi, syntym\u00e4aika, yhteystiedot ja ammattinimike<\/li>\n<li>Tiedot henkil\u00f6n koulutuksesta, ty\u00f6kokemuksesta ja osaamisesta<\/li>\n<li>Craftman Oy:lle toimitettu ty\u00f6hakemus, ansioluettelo, kuva sek\u00e4 muut ty\u00f6nhakua koskevat tiedot kokonaisuudessaan.<\/li>\n<li>Palveluiden tarjoamiseen ja asiakkuuden hoitamiseen liittyv\u00e4t tiedot kuten yhteydenpito, laskutus-, tilaus- ja toimitustiedot.<\/li>\n<li>Craftman Oy:n verkkosivujen vierailijan verkkok\u00e4ytt\u00e4ytymist\u00e4 kuvaavat tiedot.<\/li>\n<li>Markkinointiin ja myynnin edist\u00e4miseen tarpeelliseksi katsotut tiedot, kuten asiakaspalautteet ja uutiskirjeen vastaanottajien statistiikkatiedot.<\/li>\n<li>Muut asiakkaan tai ty\u00f6nhakijoiden erillisell\u00e4 suostumuksella ker\u00e4tt\u00e4v\u00e4t tiedot.<\/li>\n<\/ul>\n<p><strong>Rekisterin s\u00e4\u00e4nn\u00f6nmukaiset tietol\u00e4hteet<\/strong><\/p>\n<p>Rekisteriss\u00e4 k\u00e4sitelt\u00e4vi\u00e4 tietoja ker\u00e4t\u00e4\u00e4n ensisijaisesti rekisteriss\u00e4 k\u00e4sitelt\u00e4vien henkil\u00f6iden Craftman Oy:lle luovuttamista tiedoista ja palvelujen tarjoamisessa sek\u00e4 asiakassuhteiden hoitamisessa muodostuneista tiedoista. Verkkosivuja www.craftman.fi k\u00e4ytett\u00e4ess\u00e4 verkkok\u00e4ytt\u00e4ytymist\u00e4 kuvaavat tiedot tallentuvat automaattisesti rekisteriin.<\/p>\n<p><strong>Tietojen luovutus<\/strong><\/p>\n<p>Rekisteriin ker\u00e4tt\u00e4vi\u00e4 tietoja ei luovuteta kolmansille osapuolille markkinointitarkoituksiin ilman tietojen luovuttajan erillist\u00e4 suostumusta. Ty\u00f6nhakijoiden luovuttamia henkil\u00f6tietoja ja muita ty\u00f6teht\u00e4v\u00e4\u00e4n soveltumiseen olennaisesti vaikuttavia tietoja, kuten koulutusta ja osaamistasoa kuvaavia tietoja voidaan ty\u00f6nhakijan suostumuksella luovuttaa Craftman Oy:n asiakasyritykselle, jonka toimeksiantoon ty\u00f6nhakijaa tarjotaan ehdolle. Rekisteriin tallennettuja henkil\u00f6tietoja voidaan luovuttaa my\u00f6s viranomaisille, joilla on lakiin perustuva oikeus saada rekisterist\u00e4 tietoja.<\/p>\n<p><strong>Tietojen siirto Euroopan unionin (EU) tai Euroopan talousalueen (ETA) ulkopuolelle<\/strong><\/p>\n<p>Emme luovuta rekisteriin ker\u00e4tt\u00e4vi\u00e4 tietoja EU:n tai ETA:n ulkopuolelle.<\/p>\n<p><strong>Rekisterin suojaus ja henkil\u00f6tietojen s\u00e4ilytysaika<\/strong><\/p>\n<p>Rekisterin sis\u00e4lt\u00e4v\u00e4t tiedot s\u00e4ilytet\u00e4\u00e4n ulkopuolisien tavoittamattomissa, salasanalla ja k\u00e4ytt\u00e4j\u00e4tunnuksella lukitussa tilassa. Rekisteritietoja k\u00e4sittelem\u00e4\u00e4n ovat oikeutettuja ainoastaan Craftman Oy:n organisaation sis\u00e4iset henkil\u00f6t, joiden ty\u00f6teht\u00e4vien suorittaminen edellytt\u00e4\u00e4 rekisterin sis\u00e4isten tietojen k\u00e4sittely\u00e4. Rekisteritietoja k\u00e4sittelevien henkil\u00f6iden on otettava tietoja k\u00e4sitelless\u00e4\u00e4n huomioon t\u00e4m\u00e4n tietosuojaselosteen sis\u00e4lt\u00f6 ja pidett\u00e4v\u00e4 tiedot salassa kolmansilta osapuolilta. Rekisterist\u00e4 h\u00e4vitet\u00e4\u00e4n tarpeettomat ja ep\u00e4olennaiset tiedot asianmukaisella tavalla. Rekisterin sis\u00e4lt\u00e4m\u00e4 tieto h\u00e4vitet\u00e4\u00e4n\u00a0 viimeist\u00e4\u00e4n, kun tieto ei en\u00e4\u00e4 palvele t\u00e4m\u00e4n tietosuojaselosteen henkil\u00f6tietojen k\u00e4ytt\u00f6tarkoitusta.<\/p>\n<p><strong>Tarkastusoikeus \u00a0<\/strong><\/p>\n<p>Henkil\u00f6tietolain mukaisesti jokaisella on oikeus tarkastaa mit\u00e4 itse\u00e4\u00e4n koskevia tietoja henkil\u00f6rekisteriin on talletettu tai ettei rekisteriss\u00e4 ole h\u00e4nt\u00e4 koskevia tietoja. Rekisterinpit\u00e4j\u00e4 antaa edell\u00e4 mainitut tiedot pyydett\u00e4ess\u00e4 kirjallisesti. Rekisteritietojen tarkistuspyynn\u00f6n hakijan on varmennettava henkil\u00f6llisyyten\u00e4 ja pyynt\u00f6 on l\u00e4hetett\u00e4v\u00e4 kirjallisesti rekisterinpit\u00e4j\u00e4lle. Rekisteritietojen tarkastuspyynt\u00f6 on maksuton enint\u00e4\u00e4n kerran vuodessa (12 kk) toteutettuna.<\/p>\n<p><strong>Oikeus vaatia tiedon korjaamista<\/strong><\/p>\n<p>Jokaisella henkil\u00f6rekisteriss\u00e4 olevalla henkil\u00f6ll\u00e4 on oikeus vaatia virheellisen tiedon korjaamista tai puutteellisen tiedon t\u00e4ydent\u00e4mist\u00e4. Tietojen korjaamis- tai t\u00e4ydent\u00e4mispyynn\u00f6n hakijan on varmennettava henkil\u00f6llisyytens\u00e4 ja pyynt\u00f6 on l\u00e4hetett\u00e4v\u00e4 kirjallisesti rekisterinpit\u00e4j\u00e4lle. Pyynn\u00f6ss\u00e4 tulee my\u00f6s yksil\u00f6id\u00e4 virheelliset ja korjatut tiedot.<\/p>\n<\/div>\n","protected":false},"excerpt":{"rendered":"<p>Tietosuojaseloste T\u00e4m\u00e4 on Craftman Oy:n EU:n yleisen tietosuoja-asetuksen (GDPR) mukainen rekisteri- ja tietosuojaseloste. Rekisterinpit\u00e4j\u00e4 Craftman Oy (Y-tunnus 2421301-9), Louhimontie 10 [&hellip;]<\/p>\n","protected":false},"author":1,"featured_media":0,"parent":0,"menu_order":0,"comment_status":"closed","ping_status":"closed","template":"","meta":{"_mi_skip_tracking":false,"_monsterinsights_sitenote_active":false,"_monsterinsights_sitenote_note":"","_monsterinsights_sitenote_category":0,"footnotes":""},"yoast_head":"<!-- This site is optimized with the Yoast SEO plugin v21.9.1 - https:\/\/yoast.com\/wordpress\/plugins\/seo\/ -->\n<title>Tietosuojaseloste - Craftman Oy<\/title>\n<meta name=\"description\" content=\"Tutustu t\u00e4st\u00e4 Craftman Oy:n tietosuojaselosteeseen.\" \/>\n<meta name=\"robots\" content=\"index, follow, max-snippet:-1, max-image-preview:large, max-video-preview:-1\" \/>\n<link rel=\"canonical\" href=\"https:\/\/craftman.fi\/?page_id=661\" \/>\n<meta property=\"og:locale\" content=\"fi_FI\" \/>\n<meta property=\"og:type\" content=\"article\" \/>\n<meta property=\"og:title\" content=\"Tietosuojaseloste - Craftman Oy\" \/>\n<meta property=\"og:description\" content=\"Tutustu t\u00e4st\u00e4 Craftman Oy:n tietosuojaselosteeseen.\" \/>\n<meta property=\"og:url\" content=\"https:\/\/craftman.fi\/?page_id=661\" \/>\n<meta property=\"og:site_name\" content=\"Craftman Oy\" \/>\n<meta property=\"article:modified_time\" content=\"2019-11-18T06:51:06+00:00\" \/>\n<meta name=\"twitter:card\" content=\"summary_large_image\" \/>\n<meta name=\"twitter:label1\" content=\"Arvioitu lukuaika\" \/>\n\t<meta name=\"twitter:data1\" content=\"3 minuuttia\" \/>\n<script type=\"application\/ld+json\" class=\"yoast-schema-graph\">{\"@context\":\"https:\/\/schema.org\",\"@graph\":[{\"@type\":\"WebPage\",\"@id\":\"https:\/\/craftman.fi\/?page_id=661\",\"url\":\"https:\/\/craftman.fi\/?page_id=661\",\"name\":\"Tietosuojaseloste - Craftman Oy\",\"isPartOf\":{\"@id\":\"https:\/\/craftman.fi\/#website\"},\"datePublished\":\"2018-06-11T09:58:26+00:00\",\"dateModified\":\"2019-11-18T06:51:06+00:00\",\"description\":\"Tutustu t\u00e4st\u00e4 Craftman Oy:n tietosuojaselosteeseen.\",\"breadcrumb\":{\"@id\":\"https:\/\/craftman.fi\/?page_id=661#breadcrumb\"},\"inLanguage\":\"fi\",\"potentialAction\":[{\"@type\":\"ReadAction\",\"target\":[\"https:\/\/craftman.fi\/?page_id=661\"]}]},{\"@type\":\"BreadcrumbList\",\"@id\":\"https:\/\/craftman.fi\/?page_id=661#breadcrumb\",\"itemListElement\":[{\"@type\":\"ListItem\",\"position\":1,\"name\":\"Home\",\"item\":\"https:\/\/craftman.fi\/\"},{\"@type\":\"ListItem\",\"position\":2,\"name\":\"Tietosuojaseloste\"}]},{\"@type\":\"WebSite\",\"@id\":\"https:\/\/craftman.fi\/#website\",\"url\":\"https:\/\/craftman.fi\/\",\"name\":\"Craftman Oy\",\"description\":\"\",\"potentialAction\":[{\"@type\":\"SearchAction\",\"target\":{\"@type\":\"EntryPoint\",\"urlTemplate\":\"https:\/\/craftman.fi\/?s={search_term_string}\"},\"query-input\":\"required name=search_term_string\"}],\"inLanguage\":\"fi\"}]}<\/script>\n<!-- \/ Yoast SEO plugin. -->","yoast_head_json":{"title":"Tietosuojaseloste - Craftman Oy","description":"Tutustu t\u00e4st\u00e4 Craftman Oy:n tietosuojaselosteeseen.","robots":{"index":"index","follow":"follow","max-snippet":"max-snippet:-1","max-image-preview":"max-image-preview:large","max-video-preview":"max-video-preview:-1"},"canonical":"https:\/\/craftman.fi\/?page_id=661","og_locale":"fi_FI","og_type":"article","og_title":"Tietosuojaseloste - Craftman Oy","og_description":"Tutustu t\u00e4st\u00e4 Craftman Oy:n tietosuojaselosteeseen.","og_url":"https:\/\/craftman.fi\/?page_id=661","og_site_name":"Craftman Oy","article_modified_time":"2019-11-18T06:51:06+00:00","twitter_card":"summary_large_image","twitter_misc":{"Arvioitu lukuaika":"3 minuuttia"},"schema":{"@context":"https:\/\/schema.org","@graph":[{"@type":"WebPage","@id":"https:\/\/craftman.fi\/?page_id=661","url":"https:\/\/craftman.fi\/?page_id=661","name":"Tietosuojaseloste - Craftman Oy","isPartOf":{"@id":"https:\/\/craftman.fi\/#website"},"datePublished":"2018-06-11T09:58:26+00:00","dateModified":"2019-11-18T06:51:06+00:00","description":"Tutustu t\u00e4st\u00e4 Craftman Oy:n tietosuojaselosteeseen.","breadcrumb":{"@id":"https:\/\/craftman.fi\/?page_id=661#breadcrumb"},"inLanguage":"fi","potentialAction":[{"@type":"ReadAction","target":["https:\/\/craftman.fi\/?page_id=661"]}]},{"@type":"BreadcrumbList","@id":"https:\/\/craftman.fi\/?page_id=661#breadcrumb","itemListElement":[{"@type":"ListItem","position":1,"name":"Home","item":"https:\/\/craftman.fi\/"},{"@type":"ListItem","position":2,"name":"Tietosuojaseloste"}]},{"@type":"WebSite","@id":"https:\/\/craftman.fi\/#website","url":"https:\/\/craftman.fi\/","name":"Craftman Oy","description":"","potentialAction":[{"@type":"SearchAction","target":{"@type":"EntryPoint","urlTemplate":"https:\/\/craftman.fi\/?s={search_term_string}"},"query-input":"required name=search_term_string"}],"inLanguage":"fi"}]}},"_links":{"self":[{"href":"https:\/\/craftman.fi\/index.php?rest_route=\/wp\/v2\/pages\/661"}],"collection":[{"href":"https:\/\/craftman.fi\/index.php?rest_route=\/wp\/v2\/pages"}],"about":[{"href":"https:\/\/craftman.fi\/index.php?rest_route=\/wp\/v2\/types\/page"}],"author":[{"embeddable":true,"href":"https:\/\/craftman.fi\/index.php?rest_route=\/wp\/v2\/users\/1"}],"replies":[{"embeddable":true,"href":"https:\/\/craftman.fi\/index.php?rest_route=%2Fwp%2Fv2%2Fcomments&post=661"}],"version-history":[{"count":5,"href":"https:\/\/craftman.fi\/index.php?rest_route=\/wp\/v2\/pages\/661\/revisions"}],"predecessor-version":[{"id":2084,"href":"https:\/\/craftman.fi\/index.php?rest_route=\/wp\/v2\/pages\/661\/revisions\/2084"}],"wp:attachment":[{"href":"https:\/\/craftman.fi\/index.php?rest_route=%2Fwp%2Fv2%2Fmedia&parent=661"}],"curies":[{"name":"wp","href":"https:\/\/api.w.org\/{rel}","templated":true}]}}